32 + 61. Calculate the highest common factor of a and 31.
31
Suppose q - i = 93, -q = 2*i - 7*i - 105. Suppose l - 7 + 1 = -2*s, -s = 2. What is the highest common factor of l and q?
10
Suppose 129 - 39 = 3*q. What is the greatest common factor of 150 and q?
30
Suppose 3*l + 262 = -y - 4*y, -l = 5*y + 94. Let o be (410/4)/(1/2). Let h = l + o. Calculate the greatest common divisor of 11 and h.
11
Let b = -21 + 32. Calculate the greatest common factor of 33 and b.
11
Suppose -z = -3*z - 114. Let c = z + 83. Suppose 0 = -8*a + 3*a + 325. Calculate the greatest common divisor of a and c.
13
Suppose 2*g + 5*o = -0*g + 5, -2*g + 5*o = -15. Calculate the highest common factor of 30 and g.
5
Let v = -33 - -61. What is the greatest common factor of 4 and v?
4
Suppose 491 = -3*o + 104. Let j = -19 - o. Calculate the greatest common factor of 10 and j.
10
Suppose 0*q - 5*h - 247 = -3*q, 0 = -q - 2*h + 86. Let r = -21 - -35. What is the highest common factor of r and q?
14
Let v = 81 - 46. Calculate the highest common factor of v and 385.
35
Suppose 0 = 2*u + h - 17, -2*u = 2*u + 5*h - 19. Suppose 4*f - 499 = -15. Calculate the greatest common factor of u and f.
11
Suppose -5*k + 105 + 95 = 0. Suppose -5*w + 0*w = -k. What is the greatest common factor of w and 72?
8
Let f(i) = 185*i**2 + i + 1. Let b be f(-1). Suppose 0 = 5*q + 25 - b. What is the greatest common factor of q and 8?
8
Let h(k) = k**3 - 19*k**2 + 37*k + 9. Let d be h(17). What is the greatest common factor of d and 72?
12
Let s be (1 + 3)/(8/44). Suppose -2*a + s = -0*a. What is the greatest common divisor of 44 and a?
11
Let d = 25 - 54. Let f = d + 43. Calculate the greatest common divisor of f and 112.
14
Suppose -3*r = 2*r + 1805. Let o = r + 523. Calculate the greatest common factor of o and 18.
18
Let y(u) = 3*u + 56. Let w be y(-17). What is the greatest common divisor of 15 and w?
5
Suppose -2*f + 4*x = x - 427, f + 5*x - 220 = 0. What is the greatest common divisor of f and 43?
43
Let p be 2/10 + (-144)/(-30). Let o = p - -7. Calculate the greatest common divisor of o and 6.
6
Let g = -125 - -165. What is the greatest common factor of 4 and g?
4
Let l(s) = s**3 - 9*s**2 + 10*s - 4. Let u = -5 + 13. Let z be l(u). Let r be z + 0/(-3) + 2. Calculate the greatest common divisor of 35 and r.
7
Suppose -5*a + f + 12 = -543, -4*f = -2*a + 240. Calculate the greatest common divisor of 44 and a.
22
Suppose 3*v + 0*v = 9. Suppose 2*o - 21 = 5*k, 0*o - 15 = -2*o + 3*k. What is the highest common divisor of o and v?
3
Suppose -5*g + 158 = -4*m - 382, 0 = 3*m. Let j = -44 + 56. What is the greatest common divisor of g and j?
12
Let z be (-183)/(-21) + (-14)/(-49). What is the greatest common factor of 18 and z?
9
Let a(k) = 3*k - 9. Let q be a(7). Let v be -3 - (1 - (q + 0)). Suppose 180 - 68 = 2*h. What is the greatest common divisor of v and h?
8
Let r be (-2)/(-5) + (-1812)/30. Let s(h) = h**3 + h**2 + 4*h - 6. Let c be s(4). Let q = c + r. What is the highest common divisor of q and 12?
6
Let k be 24/(-10)*(-15)/3. What is the highest common factor of 24 and k?
12
Let x be (-3 - 36/(-16))*24/(-3). Calculate the greatest common factor of 18 and x.
6
Let u(g) = g - 3. Let o be u(6). Suppose 0 = -p + 4*t + 60, o*p + 0*p - t - 191 = 0. Calculate the greatest common factor of p and 8.
8
Suppose -14 + 38 = 2*k. Calculate the greatest common divisor of 60 and k.
12
Suppose -2*n - 3*n + 15 = 0. Let s be 1/(n/(-3*95)). Let y = s + 194. What is the greatest common factor of 11 and y?
11
Let j be 0 - (-44)/3*3. What is the greatest common divisor of 11 and j?
11
Suppose -19*b + 20*b = 11. What is the highest common divisor of b and 187?
11
Let g = 114 - 29. What is the highest common divisor of 17 and g?
17
Let i be ((-88)/20 + 5)/(2/10). Let p = 16 + -1. What is the highest common factor of i and p?
3
Let n = -2 - -3. Let b = 4 - n. Suppose -2*p - b*k + 11 = -0*p, 2*p - k - 15 = 0. What is the highest common divisor of 77 and p?
7
Let x be (12/8)/(9/(-60)). Let r = 2 - x. Calculate the highest common factor of r and 36.
12
Let r = -8 + 11. Suppose -5*s + 28 = -s. Suppose -s - 2 = -i. What is the highest common divisor of r and i?
3
Let o(p) = p**2 - 7*p - 6. Let d be 62/8 + (-4)/(-16). Suppose -a = -0*a - d. Let w be o(a). What is the greatest common divisor of 8 and w?
2
Let k(b) = -18*b**3 - b**2 - b + 1. Let a be k(-2). Calculate the greatest common factor of a and 13.
13
Let o be 3 + 1 + -1 + 5. What is the greatest common divisor of o and 72?
8
Let r(p) be the second derivative of p**3/6 + 11*p**2/2 - 3*p. Let o be r(0). What is the greatest common divisor of 11 and o?
11
Suppose -5*u + x + 4*x = -105, 3*u + x = 43. What is the greatest common factor of 20 and u?
4
Suppose -1 = 2*j - 9. Suppose 11 = 5*v + 1. Suppose v*m = -j*b + 64, 2*m - 128 = -2*m + 2*b. What is the greatest common factor of m and 8?
8
Suppose -2*l - 3*n - n = -16, -2*n = -l + 20. Let c be (-3 - l*-20) + -2. What is the highest common divisor of 25 and c?
25
Suppose 0 = -5*s - 4*q + 79, -2*q - 57 = -4*s + q. Let d be (-294)/(-15) - (-6)/s. What is the greatest common factor of d and 50?
10
Suppose -383 = -18*l + 409. Calculate the greatest common divisor of l and 33.
11
Let q be (-1)/((-1)/(-1)) + -38. Let b be (-1)/1 + (22 - 5). Let g = b - q. Calculate the highest common factor of g and 5.
5
Let s = -256 - -456. Calculate the highest common factor of 40 and s.
40
Let s(d) = 16*d**2 - d. Let l be s(1). Suppose -5 - 1 = -3*f. Suppose -k + l = f*k. Calculate the highest common factor of 20 and k.
5
Suppose -p - 5*g + 6 = -4, -4*p = -3*g - 132. Calculate the greatest common divisor of p and 15.
15
Let b(g) = 5*g**3 + 1. Let m be b(1). Suppose 5*t + 39 = -2*y, -4*y + 6*t = 3*t + 13. Let k be 2/y - 96/(-42). What is the highest common factor of m and k?
2
Let f(i) = i**2 + 9*i + 17. Let x be f(-7). What is the highest common divisor of 3 and x?
3
Let h be (0 - -4) + 12 + -4. What is the highest common factor of 48 and h?
12
Let k = 12 - 11. What is the highest common factor of 2 and k?
1
Suppose -29*y = -25*y - 192. Calculate the greatest common factor of 16 and y.
16
Let i(m) = -m**3 - m**2 + 11*m + 8. Let v be i(-4). What is the highest common factor of v and 132?
12
Suppose 140 = 9*x - 4*x. Let b(u) = -u**3 - u**2 - u + 70. Let r be b(0). Calculate the greatest common divisor of r and x.
14
Let d(u) = -u**2 + 11*u - 14. Let b be d(7). Calculate the highest common factor of 42 and b.
14
Let j(r) = r - 3. Let t be j(5). Suppose t*y = 7*y - 145. Let f = y + -1. What is the highest common divisor of f and 4?
4
Suppose -2*o + 56 = -n + 6*n, 3*n = -o + 26. Let r = -5 + 4. Let w be (-15)/3*19*r. What is the greatest common divisor of w and o?
19
Let l = 39 + 38. Let u = -16 - -27. Calculate the highest common factor of l and u.
11
Let h(a) = a**3 + a**2 - 2*a + 2. Let f = 6 + -4. Let u be h(f). What is the greatest common factor of 50 and u?
10
Suppose 3 - 1 = 2*k + 2*u, -5*u - 23 = -2*k. Suppose 4*m - 2*z - 8 = 0, -2*m - k*z + 15 = -9. What is the highest common divisor of m and 44?
4
Let i = 4 - 0. Let s be -2*(462/i)/(-3). What is the highest common divisor of 7 and s?
7
Let n be 11 - 2/(1 - 0). Let x = 13 + -14. Let y(z) = -8*z**3 + 2*z**2 - 1. Let j be y(x). Calculate the greatest common factor of n and j.
9
Let x be 3 - (0 + (2 - 2)). Let v be 0/(-3 + 4) + x. What is the highest common divisor of 33 and v?
3
Suppose -2*u + 32 = x, -5*u + 10*u + 5*x - 70 = 0. What is the highest common divisor of 9 and u?
9
Let c be (-8 + 6)/((-2)/2). Suppose 5*o - n - 425 = c*n, -2*o + 5*n + 170 = 0. Suppose 4*p = -p + o. Calculate the greatest common divisor of p and 17.
17
Let z(t) = t**2 - 14*t + 18. Let i be z(17). What is the highest common divisor of 23 and i?
23
Suppose 4*d = u + d + 29, 50 = -5*u - 4*d. Let p be 45/35 + 4/u. Let j = p - 0. Calculate the greatest common divisor of j and 1.
1
Suppose -3*s + 15 = 0, -7*i + 2*i - 2*s = -55. Let t = -14 + i. Let c = t + 12. Calculate the highest common divisor of c and 63.
7
Suppose 5*v + 0*v = 125. Suppose -5*o = -0*o - 2*r - v, 3*r - 5 = -o. Let l = 5 + o. What is the highest common factor of 80 and l?
10
Suppose -5*b - 128 = -6*b. What is the highest common divisor of 16 and b?
16
